{"id":198,"date":"2010-03-05T15:57:47","date_gmt":"2010-03-05T15:57:47","guid":{"rendered":"http:\/\/www.isidoraficovic.net\/?page_id=198"},"modified":"2011-10-19T08:22:27","modified_gmt":"2011-10-19T08:22:27","slug":"2005","status":"publish","type":"page","link":"http:\/\/www.isidoraficovic.net\/?page_id=198","title":{"rendered":"2005"},"content":{"rendered":"<p style=\"text-align: center;\"><a href=\"http:\/\/www.isidoraficovic.net\/?p=233\"><strong>Colony 2001, Isidora Fi\u0107ovi\u0107, Aleksandar Jestrovi\u0107 Jamezdin, Predrag Terzi\u0107 and Branisla Jaki\u0107, Remont Gallery, Belgrade 2005<\/strong><\/a><\/p>\n<p style=\"text-align: center;\"><strong><img loading=\"lazy\" decoding=\"async\" class=\"aligncenter size-medium wp-image-2237\" title=\"Kolonija-002\" src=\"http:\/\/www.isidoraficovic.net\/wp-content\/uploads\/2010\/03\/Kolonija-0021-300x225.jpg\" alt=\"\" width=\"300\" height=\"225\" srcset=\"http:\/\/www.isidoraficovic.net\/wp-content\/uploads\/2010\/03\/Kolonija-0021-300x225.jpg 300w, http:\/\/www.isidoraficovic.net\/wp-content\/uploads\/2010\/03\/Kolonija-0021.jpg 660w\" sizes=\"auto, (max-width: 300px) 100vw, 300px\" \/><\/strong><\/p>\n<p style=\"text-align: center;\"><strong><img loading=\"lazy\" decoding=\"async\" class=\"aligncenter size-medium wp-image-2233\" title=\"Untitled-1-copy-2\" src=\"http:\/\/www.isidoraficovic.net\/wp-content\/uploads\/2010\/03\/Untitled-1-copy-2-300x212.jpg\" alt=\"\" width=\"300\" height=\"212\" srcset=\"http:\/\/www.isidoraficovic.net\/wp-content\/uploads\/2010\/03\/Untitled-1-copy-2-300x212.jpg 300w, http:\/\/www.isidoraficovic.net\/wp-content\/uploads\/2010\/03\/Untitled-1-copy-2.jpg 660w\" sizes=\"auto, (max-width: 300px) 100vw, 300px\" \/><br \/>\n<\/strong><\/p>\n<address style=\"text-align: right;\"><a href=\"http:\/\/www.isidoraficovic.net\/?page_id=118\">back<\/a><\/address>\n","protected":false},"excerpt":{"rendered":"<p>Colony 2001, Isidora Fi\u0107ovi\u0107, Aleksandar Jestrovi\u0107 Jamezdin, Predrag Terzi\u0107 and Branisla Jaki\u0107, Remont Gallery, Belgrade 2005 back<\/p>\n","protected":false},"author":1,"featured_media":0,"parent":118,"menu_order":5,"comment_status":"open","ping_status":"open","template":"","meta":{"_monsterinsights_skip_tracking":false,"_monsterinsights_sitenote_active":false,"_monsterinsights_sitenote_note":"","_monsterinsights_sitenote_category":0,"footnotes":""},"class_list":["post-198","page","type-page","status-publish","hentry"],"aioseo_notices":[],"_links":{"self":[{"href":"http:\/\/www.isidoraficovic.net\/index.php?rest_route=\/wp\/v2\/pages\/198","targetHints":{"allow":["GET"]}}],"collection":[{"href":"http:\/\/www.isidoraficovic.net\/index.php?rest_route=\/wp\/v2\/pages"}],"about":[{"href":"http:\/\/www.isidoraficovic.net\/index.php?rest_route=\/wp\/v2\/types\/page"}],"author":[{"embeddable":true,"href":"http:\/\/www.isidoraficovic.net\/index.php?rest_route=\/wp\/v2\/users\/1"}],"replies":[{"embeddable":true,"href":"http:\/\/www.isidoraficovic.net\/index.php?rest_route=%2Fwp%2Fv2%2Fcomments&post=198"}],"version-history":[{"count":15,"href":"http:\/\/www.isidoraficovic.net\/index.php?rest_route=\/wp\/v2\/pages\/198\/revisions"}],"predecessor-version":[{"id":241,"href":"http:\/\/www.isidoraficovic.net\/index.php?rest_route=\/wp\/v2\/pages\/198\/revisions\/241"}],"up":[{"embeddable":true,"href":"http:\/\/www.isidoraficovic.net\/index.php?rest_route=\/wp\/v2\/pages\/118"}],"wp:attachment":[{"href":"http:\/\/www.isidoraficovic.net\/index.php?rest_route=%2Fwp%2Fv2%2Fmedia&parent=198"}],"curies":[{"name":"wp","href":"https:\/\/api.w.org\/{rel}","templated":true}]}}

<p style="text-align: center;"><a href="http://www.isidoraficovic.net/?p=233"><strong>Colony 2001, Isidora Fićović, Aleksandar Jestrović Jamezdin, Predrag Terzić and Branisla Jakić, Remont Gallery, Belgrade 2005</strong></a></p>
<p style="text-align: center;"><strong><img loading="lazy" decoding="async" class="aligncenter size-medium wp-image-2237" title="Kolonija-002" src="http://www.isidoraficovic.net/wp-content/uploads/2010/03/Kolonija-0021-300x225.jpg" alt="" width="300" height="225" srcset="http://www.isidoraficovic.net/wp-content/uploads/2010/03/Kolonija-0021-300x225.jpg 300w, http://www.isidoraficovic.net/wp-content/uploads/2010/03/Kolonija-0021.jpg 660w" sizes="auto, (max-width: 300px) 100vw, 300px" /></strong></p>
<p style="text-align: center;"><strong><img loading="lazy" decoding="async" class="aligncenter size-medium wp-image-2233" title="Untitled-1-copy-2" src="http://www.isidoraficovic.net/wp-content/uploads/2010/03/Untitled-1-copy-2-300x212.jpg" alt="" width="300" height="212" srcset="http://www.isidoraficovic.net/wp-content/uploads/2010/03/Untitled-1-copy-2-300x212.jpg 300w, http://www.isidoraficovic.net/wp-content/uploads/2010/03/Untitled-1-copy-2.jpg 660w" sizes="auto, (max-width: 300px) 100vw, 300px" /><br />
</strong></p>
<address style="text-align: right;"><a href="http://www.isidoraficovic.net/?page_id=118">back</a></address>

<p>Colony 2001, Isidora Fićović, Aleksandar Jestrović Jamezdin, Predrag Terzić and Branisla Jakić, Remont Gallery, Belgrade 2005 back</p>
