{"id":1519,"date":"2010-11-26T14:38:48","date_gmt":"2010-11-26T14:38:48","guid":{"rendered":"http:\/\/www.isidoraficovic.net\/?page_id=1519"},"modified":"2014-03-19T15:49:56","modified_gmt":"2014-03-19T15:49:56","slug":"2010","status":"publish","type":"page","link":"http:\/\/www.isidoraficovic.net\/?page_id=1519","title":{"rendered":"2010"},"content":{"rendered":"<h4 style=\"text-align: center;\"><a title=\"Permanent Link to Black Rabbit\/Polje Crnog Zeca 2010, DKSG, Bulevar Zorana \u0110in\u0111i\u0107a 179, Belgrade\" rel=\"bookmark\" href=\"http:\/\/www.isidoraficovic.net\/?p=1494\"><span style=\"color: #003300;\">Black Rabbit\/Polje Crnog Zeca<\/span><\/a><\/h4>\n<h4 style=\"text-align: center;\"><a title=\"Permanent Link to Black Rabbit\/Polje Crnog Zeca 2010, DKSG, Bulevar Zorana \u0110in\u0111i\u0107a 179, Belgrade\" rel=\"bookmark\" href=\"http:\/\/www.isidoraficovic.net\/?p=1494\"><span style=\"color: #666699;\">DKSG, Belgrade<\/span><\/a><\/h4>\n<h4 style=\"text-align: center;\"><a title=\"Permanent Link to Black Rabbit\/Polje Crnog Zeca 2010, DKSG, Bulevar Zorana \u0110in\u0111i\u0107a 179, Belgrade\" rel=\"bookmark\" href=\"http:\/\/www.isidoraficovic.net\/?p=1494\"><span style=\"color: #ff0000;\">2010<\/span><\/a><\/h4>\n<h3 style=\"text-align: center;\"><span style=\"color: #666699;\"><img loading=\"lazy\" decoding=\"async\" class=\"aligncenter size-medium wp-image-2198\" title=\"SCAN2271-2\" src=\"http:\/\/www.isidoraficovic.net\/wp-content\/uploads\/2010\/11\/SCAN2271-2-300x195.jpg\" alt=\"\" width=\"300\" height=\"195\" srcset=\"http:\/\/www.isidoraficovic.net\/wp-content\/uploads\/2010\/11\/SCAN2271-2-300x195.jpg 300w, http:\/\/www.isidoraficovic.net\/wp-content\/uploads\/2010\/11\/SCAN2271-2.jpg 660w\" sizes=\"auto, (max-width: 300px) 100vw, 300px\" \/><br \/>\n<\/span><\/h3>\n<p style=\"text-align: right;\"><span style=\"color: #666699;\"><a href=\" http:\/\/www.isidoraficovic.net\/?page_id=118\"><em>back<\/em><\/a><\/span><\/p>\n","protected":false},"excerpt":{"rendered":"<p>Black Rabbit\/Polje Crnog Zeca DKSG, Belgrade 2010 back<\/p>\n","protected":false},"author":2,"featured_media":0,"parent":118,"menu_order":1,"comment_status":"closed","ping_status":"closed","template":"","meta":{"_monsterinsights_skip_tracking":false,"_monsterinsights_sitenote_active":false,"_monsterinsights_sitenote_note":"","_monsterinsights_sitenote_category":0,"footnotes":""},"class_list":["post-1519","page","type-page","status-publish","hentry"],"aioseo_notices":[],"_links":{"self":[{"href":"http:\/\/www.isidoraficovic.net\/index.php?rest_route=\/wp\/v2\/pages\/1519","targetHints":{"allow":["GET"]}}],"collection":[{"href":"http:\/\/www.isidoraficovic.net\/index.php?rest_route=\/wp\/v2\/pages"}],"about":[{"href":"http:\/\/www.isidoraficovic.net\/index.php?rest_route=\/wp\/v2\/types\/page"}],"author":[{"embeddable":true,"href":"http:\/\/www.isidoraficovic.net\/index.php?rest_route=\/wp\/v2\/users\/2"}],"replies":[{"embeddable":true,"href":"http:\/\/www.isidoraficovic.net\/index.php?rest_route=%2Fwp%2Fv2%2Fcomments&post=1519"}],"version-history":[{"count":15,"href":"http:\/\/www.isidoraficovic.net\/index.php?rest_route=\/wp\/v2\/pages\/1519\/revisions"}],"predecessor-version":[{"id":1611,"href":"http:\/\/www.isidoraficovic.net\/index.php?rest_route=\/wp\/v2\/pages\/1519\/revisions\/1611"}],"up":[{"embeddable":true,"href":"http:\/\/www.isidoraficovic.net\/index.php?rest_route=\/wp\/v2\/pages\/118"}],"wp:attachment":[{"href":"http:\/\/www.isidoraficovic.net\/index.php?rest_route=%2Fwp%2Fv2%2Fmedia&parent=1519"}],"curies":[{"name":"wp","href":"https:\/\/api.w.org\/{rel}","templated":true}]}}